3
What is -1 (base 2) in base 4?
-1
What is 143 (base 10) in base 2?
10001111
1320 (base 5) to base 6
550
Convert 1 (base 12) to base 10.
1
What is -6 (base 8) in base 10?
-6
What is -1 (base 8) in base 15?
-1
111 (base 9) to base 10
91
4 (base 13) to base 10
4
What is 10 (base 8) in base 13?
8
What is -145 (base 7) in base 8?
-122
Convert 3 (base 7) to base 3.
10
What is 6 (base 14) in base 11?
6
Convert -35 (base 14) to base 2.
-101111
What is 4 (base 13) in base 9?
4
What is -21 (base 5) in base 4?
-23
-3 (base 15) to base 13
-3
What is 14 (base 5) in base 14?
9
What is 6 (base 13) in base 15?
6
What is 32 (base 12) in base 7?
53
What is 10011 (base 2) in base 5?
34
What is 13 (base 11) in base 13?
11
-2112 (base 3) to base 14
-4c
What is 314 (base 5) in base 7?
150
Convert 11 (base 4) to base 11.
5
1b4 (base 15) to base 12
28a
Convert 1012 (base 4) to base 9.
77
-1ba (base 12) to base 3
-101121
What is -1 (base 14) in base 3?
-1
Convert -4 (base 8) to base 15.
-4
Convert -23 (base 6) to base 15.
-10
What is e (base 16) in base 14?
10
What is 6 (base 9) in base 16?
6
-1 (base 12) to base 2
-1
Convert -16 (base 11) to base 10.
-17
100100 (base 2) to base 15
26
Convert 3 (base 15) to base 11.
3
What is 2000 (base 3) in base 16?
36
-132 (base 6) to base 3
-2002
What is 1101 (base 2) in base 10?
13
-223 (base 6) to base 16
-57
Convert 3 (base 8) to base 7.
3
9 (base 12) to base 6
13
-55 (base 16) to base 2
-1010101
What is 3 (base 14) in base 7?
3
12 (base 13) to base 9
16
-34 (base 10) to base 7
-46
What is 120 (base 5) in base 12?
2b
Convert 43 (base 11) to base 12.
3b
Convert 32 (base 14) to base 6.
112
What is -6 (base 10) in base 8?
-6
Convert 1010010 (base 2) to base 4.
1102
What is 205 (base 10) in base 7?
412
6 (base 11) to base 6
10
Convert 2 (base 3) to base 8.
2
What is 153 (base 6) in base 8?
105
Convert 31 (base 6) to base 16.
13
Convert 221 (base 5) to base 4.
331
55 (base 8) to base 7
63
What is -103 (base 8) in base 16?
-43
What is 214 (base 6) in base 7?
145
-18 (base 15) to base 10
-23
What is -2 (base 6) in base 10?
-2
32 (base 7) to base 15
18
Convert -7 (base 10) to base 15.
-7
Convert -40 (base 8) to base 13.
-26
Convert 3 (base 10) to base 4.
3
Convert 1 (base 11) to base 7.
1
Convert -4 (base 13) to base 6.
-4
1c (base 16) to base 15
1d
Convert -2 (base 5) to base 12.
-2
-6 (base 10) to base 9
-6
Convert 1 (base 7) to base 3.
1
Convert -d (base 15) to base 8.
-15
What is 10100 (base 2) in base 6?
32
What is 101110 (base 2) in base 9?
51
Convert 1110 (base 2) to base 9.
15
What is -3 (base 14) in base 10?
-3
What is 1100101 (base 2) in base 9?
122
3 (base 14) to base 6
3
Convert -8 (base 13) to base 12.
-8
Convert -1010011 (base 2) to base 10.
-83
What is -10 (base 2) in base 8?
-2
What is -4 (base 10) in base 15?
-4
2 (base 10) to base 7
2
Convert -31 (base 12) to base 10.
-37
Convert -3 (base 14) to base 9.
-3
3 (base 7) to base 10
3
-57 (base 8) to base 2
-101111
Convert 4 (base 11) to base 12.
4
-1 (base 8) to base 5
-1
1102 (base 3) to base 6
102
b (base 14) to base 4
23
What is -10 (base 11) in base 10?
-11
Convert 5a (base 15) to base 7.
151
-3 (base 5) to base 15
-3
-3 (base 14) to base 7
-3
What is 223 (base 6) in base 10?
87
What is -22 (base 12) in base 13?
-20
Convert 112 (base 4) to base 9.
24
Convert 1 (base 6) to base 3.
1
What is 542 (base 6) in base 2?
11001110
-4b (base 14) to base 3
-2111
What is -22 (base 7) in base 2?
-10000
What is 0 (base 14) in base 6?
0
Convert 115 (base 6) to base 14.
35
What is 23 (base 5) in base 6?
21
What is 3 (base 5) in base 15?
3
Convert -5 (base 10) to base 12.
-5
What is -a4 (base 11) in base 10?
-114
a (base 16) to base 4
22
What is -23 (base 13) in base 2?
-11101
Convert -8 (base 9) to base 16.
-8
What is b (base 15) in base 7?
14
What is 202 (base 3) in base 7?
26
Convert -13 (base 6) to base 2.
-1001
Convert 1101011 (base 2) to base 11.
98
Convert -1101 (base 3) to base 7.
-52
What is -1 (base 12) in base 14?
-1
What is 4 (base 13) in base 9?
4
6 (base 10) to base 9
6
Convert -30 (base 5) to base 7.
-21
Convert -1 (base 2) to base 9.
-1
What is -26 (base 14) in base 13?
-28
What is 1 (base 15) in base 11?
1
What is 20 (base 3) in base 11?
6
Convert -1 (base 14) to base 16.
-1
-22 (base 3) to base 2
-1000
Convert 1 (base 9) to base 12.
1
Convert 20 (base 11) to base 2.
10110
Convert -100000 (base 2) to base 9.
-35
-1 (base 4) to base 15
-1
Convert 101 (base 13) to base 16.
aa
Convert 9 (base 13) to base 3.
100
What is -5 (base 11) in base 5?
-10
Convert a9 (base 14) to base 12.
105
What is 4 (base 16) in base 9?
4
What is 14 (base 5) in base 4?
21
What is -236 (base 8) in base 7?
-314
What is 1001 (base 4) in base 8?
101
Convert 12 (base 5) to base 14.
7
Convert -27 (base 16) to base 2.
-100111
-4 (base 14) to base 12
-4
-100100 (base 2) to base 16
-24
What is -17 (base 14) in base 4?
-111
-55 (base 16) to base 9
-104
-1 (base 5) to base 6
-1
Convert -12 (base 11) to base 8.
-15
21 (base 3) to base 13
7
-111 (base 16) to base 8
-421
Convert 2 (base 15) to base 4.
2
Convert 137 (base 12) to base 13.
115
What is -1131 (base 4) in base 15?
-63
What is -11 (base 11) in base 7?
-15
What is -1000001 (base 2) in base 9?
-72
-32 (base 10) to base 13
-26
Convert 1 (base 16) to base 14.
1
What is 53 (base 8) in base 7?
61
Convert 1340 (base 5) to base 16.
dc
Convert -2 (base 7) to base 5.
-2
1001000 (base 2) to base 11
66
Convert 5 (base 13) to base 12.
5
Convert 2122 (base 3) to base 7.
131
-2 (base 16) to base 12
-2
What is -1 (base 2) in base 14?
-1
21 (base 11) to base 10
23
0 (base 12) to base 9
0
What is 0 (base 5) in base 2?
0
What is 8 (base 10) in base 2?
1000
What is -3 (base 14) in base 8?
-3
What is -49 (base 11) in base 12?
-45
-64 (base 7) to base 4
-232
What is 27 (base 15) in base 3?
1101
Convert -41 (base 5) to base 12.
-19
What is -30 (base 13) in base 4?
-213
Convert -4 (base 6) to base 13.
-4
Convert -361 (base 8) to base 6.
-1041
82 (base 15) to base 16
7a
Convert 8a (base 13) to base 3.
11020
What is 13 (base 16) in base 9?
21
What is 100 (base 4) in base 13?
13
1 (base 11) to base 4
1
-60 (base 13) to base 12
-66
-1 (base 8) to base 7
-1
What is -11111111 (base 2) in base 11?
-212
Convert -2 (base 4) to base 2.
-10
-6 (base 9) to base 10
-6
What is 12 (base 5) in base 13?
7
Convert 3 (base 16) to base 12.
3
Convert -14 (base 6) to base 15.
-a
-53 (base 9) to base 11
-44
What is -22 (base 8) in base 3?
-200
Convert -118 (base 10) to base 11.
-a8
Convert 29 (base 15) to base 6.
103
What is 10011 (base 2) in base 16?
13
What is -16 (base 7) in base 5?
-23
-1 (base 3) to base 5
-1
3 (base 13) to base 16
3
33 (base 6) to base 5
41
Convert 1 (base 7) to base 5.
1
Convert 10 (base 4) to base 2.
100
Convert -1210 (base 4) to base 10.
-100
Convert -41 (base 10) to base 2.
-101001
cd (base 15) to base 5
1233
Convert 10 (base 4) to base 13.
4
-a (base 16) to base 3
-101
Convert 2 (base 16) to base 7.
2
What is -63 (base 12) in base 4?
-1023
Convert 22 (base 6) to base 10.
14
0 (base 15) to base 16
0
Convert -70 (base 15) to base 9.
-126
Convert 2 (base 15) to base 10.
2
What is -220 (base 3) in base 8?
-30
What is -19 (base 13) in base 6?
-34
What is -5 (base 12) in base 6?
-5
Convert 195 (base 15) to base 4.
11231
Convert -23 (base 6) to base 3.
-120
Convert -70 (base 14) to base 13.
-77
Convert -3 (base 10) to base 14.
-3
-24 (base 12) to base 6
-44
What is -160 (base 9) in base 15?
-90
Convert 37 (base 8) to base 9.
34
15 (base 15) to base 11
19
7 (base 13) to base 3
21
Convert 1 (base 15) to base 6.
1
What is 13 (base 4) in base 16?
7
What is -2 (base 5) in base 14?
-2
-13 (base 5) to base 15
-8
-1b4 (base 15) to base 16
-18a
-3 (base 5) to base 15
-3
Convert -130 (base 5) to base 12.
-34
What is -4 (base 6) in base 16?
-4
-69 (base 14) to base 15
-63
c (base 14) to base 15
c
1034 (base 6) to base 8
356
Convert 212 (base 3) to base 14.
19
Convert -41 (base 12) to base 14.
-37
What is -9 (base 12) in base 10?
-9
Convert 3 (base 16) to base 9.
3
Convert 1 (base 9) to base 13.
1
Convert 4 (base 14) to base 4.
10
What is 81 (base 14) in base 4?
1301
Convert 15 (base 14) to base 10.
19
Convert b (base 15) to base 5.
21
-3 (base 14) to base 4
-3
Convert -101 (bas